ded by g(10).
0
Suppose 0 = -3*q - b + 43, -7*q = -2*q + 2*b - 73. Calculate the remainder when 128 is divided by q.
11
Let m = -10 - -16. Suppose -2*f - 12 = 5*i - 30, 14 = 4*i + 2*f. Suppose 4*k + 18 = 5*w, -w - 12 = -3*w + i*k. What is the remainder when m is divided by w?
0
Suppose -34*i = -26*i - 32. Suppose g - 5*g + 115 = 3*u, -i*g + 85 = -3*u. Calculate the remainder when 40 is divided by g.
15
Let p = 506 - 303. What is the remainder when p is divided by 16?
11
Let p(l) = 7*l**3 - l**2 - 3*l + 10. What is the remainder when 97 is divided by p(2)?
41
Let j = -13 - -17. Suppose -j*r + 5004 = -6*r. What is the remainder when 2/11 - r/33 is divided by 26?
24
Let l(z) = -z + 83. Suppose -21*q = -19*q. Calculate the remainder when l(q) is divided by 12.
11
Let k = -94 + 287. Let t = 274 - k. What is the remainder when t is divided by 7?
4
Let a(w) = -3*w - 12. Let u = -9 + 4. What is the remainder when a(u) is divided by 1?
0
Suppose 0 = i - 3*i + 10. Suppose 5*q - 5*d + 5 = 0, -q + 47 = i*d + 18. Suppose 0 = q*u - u - 141. Calculate the remainder when u is divided by 24.
23
Let a = 3251 + -3133. What is the remainder when a is divided by 20?
18
Let u = -45 + 62. Suppose 26*w - 132 = 22*w. What is the remainder when w is divided by u?
16
Suppose -14*f = -730 + 114. What is the remainder when f is divided by 38?
6
Let n(l) = 3*l**2 - 5*l + 3. What is the remainder when n(4) is divided by 5 + (133/(14/2) - 1)?
8
Let c = -2656 - -2690. Let p be 0 + 2 - (-2 - 0). Let o(w) = 4*w**2 + 2*w - 6. Calculate the remainder when o(p) is divided by c.
32
Suppose -50 = -5*g + 3*b, -6*b + 2*b + 33 = g. Suppose -4*o + 5*r = -g, o + r = -2*r + 16. What is the remainder when 19 is divided by o?
5
Let w = 307 - 188. Suppose -14*l = -7*l - w. What is the remainder when l is divided by 3?
2
Calculate the remainder when 64/112 + 290/7 is divided by 1.
0
Let c = 78 - 49. Let r(n) be the first derivative of -n**4/4 - 14*n**3/3 - 15*n**2/2 - 16*n - 8. Calculate the remainder when c is divided by r(-13).
9
Let o(n) = -7*n + 99. What is the remainder when ((-25)/(-1) - 1) + -1 is divided by o(13)?
7
Suppose -g + g - 3*g = 0. Suppose 16*o - 480 = -g*o. What is the remainder when o is divided by 12?
6
Let h(v) = -3*v - 8. Let t be h(9). Let j = -20 - t. Suppose -5*u + 18 = 4*n, 2*n + 3 - j = -3*u. Calculate the remainder when 11 is divided by u.
5
Let u(r) = 30*r**2 + 1. Let m(x) = 90*x**2 + x + 3. Let q(a) = -2*m(a) + 7*u(a). What is the remainder when q(1) is divided by 16?
13
Let h(j) = j**3 + 22*j**2 + 56*j + 43. Calculate the remainder when 112 is divided by h(-19).
50
Calculate the remainder when 235 is divided by (-140)/100 + 744/10.
16
Let s = 43 + -11. Let r be 1/(-4*(-4)/s). Suppose r*c - 3*c = -4*n + 64, 0 = 3*n - 2*c - 53. Calculate the remainder when 56 is divided by n.
11
Let q(m) = -2*m**3 - 2*m**2 - m - 4. Let v be (27*51/18)/((-2)/(-8)). Suppose -8*b - v = -11*b. Calculate the remainder when b is divided by q(-3).
32
Suppose 3*r - 4*w + 28 = 0, -w + 24 = -4*r + w. What is the remainder when (8/(-10))/(1/(-10)) is divided by (-15)/r + (-3)/4?
2
Let z be ((-6)/7)/(3/21). Let q(t) = 2*t**2 + 3*t - 8. What is the remainder when q(z) is divided by 17?
12
Suppose 162 = -2*s - 4*s. Let v = s - -31. Suppose 7*l - 14 = -2*r + 2*l, -v*r - 4*l = -28. Calculate the remainder when r is divided by 2.
1
Suppose 0 = -5*l + 4*d + 33 - 13, l = 5*d + 4. Let w be (2/(-3))/(l/78). Let s = -6 - w. Calculate the remainder when 19 is divided by s.
5
Suppose 3*r + 44 = -10. Let h be (-151)/(-6) + 3/r. Let v = 71 - h. What is the remainder when v is divided by 16?
14
Let x = -4438 - -4448. What is the remainder when 220/6 - (-1)/3 is divided by x?
7
Let n be (-27)/(1 + -2 + 2). Let o = 64 + n. What is the remainder when 70 is divided by o?
33
Let d = -202 - -385. Let u(z) = z**2 + 2*z + 2. Let i be u(0). Suppose 17 = -i*s + d. Calculate the remainder when s is divided by 21.
20
Suppose -62*q + 7*q + 3319 = 404. Suppose -5*o + 16 = -74. What is the remainder when q is divided by o?
17
Suppose -144 = -3*a - 0*a. Suppose -12*u - a = -15*u. What is the remainder when u is divided by 2?
0
Suppose 4*q - o = 210 + 196, 3*o = -2*q + 210. What is the remainder when q is divided by 14?
4
Suppose s - 2 + 3 = 0. Let g be s + (-2 - -2)/2. Calculate the remainder when g/((5 - 2)/(-129)) is divided by 11.
10
Let x be (0 + 6/(-15))*(2 - -3). Calculate the remainder when 137 is divided by ((-2)/(-5))/(x*(-1)/230).
45
Let b = -57 - -93. Suppose 2*a + u = -u + 52, 2*a = 2*u + b. What is the remainder when 85 is divided by a?
19
Let g be -1*(126/(-3) - (-2 - 1)). Suppose g = -b + 4*b. What is the remainder when 62 is divided by b?
10
Calculate the remainder when 208 is divided by -355*(8/14 - (-108)/(-140)).
66
Let f = -708 - -1040. Calculate the remainder when f is divided by 84.
80
Let b = -30 - -47. What is the remainder when 34 is divided by b?
0
Suppose -3*j + 8625 = -4*t, -8 = 4*j + 12. Let p(d) = -d**3 - 7*d**2 + 5*d - 2. Calculate the remainder when 2/(-5) + t/(-25) is divided by p(-8).
20
What is the remainder when (-1)/((-758)/1000 - (-6)/8) is divided by 64?
61
Suppose -3*l + 247 = 2*w, 4*w - 479 = -3*l - 0*l. Calculate the remainder when w/7 - (-3)/7 is divided by (-2)/(-7) + 99/21.
2
Let d(j) = -j**3 + 18*j**2 + 22*j - 7. Calculate the remainder when d(19) is divided by 14.
8
Let k = 529 + -318. Suppose 5*y + 3*g - 5*g = k, 5*g - 10 = 0. Calculate the remainder when y is divided by -9*-1*(0 + 1).
7
Suppose -z + 0*z = 10. Let d = -31 - z. What is the remainder when 61 is divided by (1 - 2)*1*d?
19
Let s(r) = 54*r**2 + 1. Let z(j) = -14*j**2. Let t be z(1). Let k = -13 - t. What is the remainder when s(k) is divided by 29?
26
Suppose 32*z - 34*z = 4*i - 702, 5*i + 4*z = 879. Calculate the remainder when i is divided by 21.
7
Let k be 6/4*(-294)/(-21). Let q = -1 + k. What is the remainder when 38 is divided by q?
18
Let a(q) = 47*q**2 - 14*q + 27. What is the remainder when a(2) is divided by 48?
43
Suppose 4*s - 90 = -s - 5*i, -s + 30 = -5*i. Calculate the remainder when s is divided by (-4)/(4 + -6) + 9.
9
Let m = 15 - -10. Suppose -156 = -m*z + 21*z. What is the remainder when z is divided by ((-16)/10)/(2/(-10))?
7
Suppose -40 = 13*i - 11*i. Let o = 59 - i. Let x = -46 + o. Calculate the remainder when x is divided by 7.
5
Let q = 9 + 15. Let t be ((-2)/((-4)/10))/1. Suppose -3*n = t*d - 360, 5*d + 49 - 374 = 4*n. Calculate the remainder when d is divided by q.
21
Let w(m) = -m**2 - 3*m - 3. Let p be w(-2). Let o(r) = -74*r + 2. Calculate the remainder when o(-1) is divided by p/2 + 954/36.
24
Let h(q) = -q**3 - 8*q**2 + 31*q. What is the remainder when 988 is divided by h(-11)?
20
Suppose 0 = -23*z - 46*z + 15042. What is the remainder when z is divided by 82?
54
Calculate the remainder when 247*7/7 - (-8)/(-2) is divided by 5.
3
Let o be (3 + -1 + -3)/((-2)/6). Suppose 3*l - o*k = 181 + 65, 0 = 4*l + 2*k - 352. What is the remainder when l is divided by 22?
20
Let u(w) = -2*w**3 - 15*w**2 + 4*w - 9. What is the remainder when 251 is divided by u(-8)?
21
Let o(z) = -z**2 - 35*z - 32. What is the remainder when 15 is divided by o(-34)?
1
Let b(r) = -r + 18. Suppose 0 = -l - 5, -3*s - l + 54 - 14 = 0. Calculate the remainder when s is divided by b(13).
0
Let l(g) = g**2 - 3*g - 6. Let y(k) = k**3 + 6*k**2 + 2*k. Let u be y(-6). Calculate the remainder when l(5) is divided by (u/(-4))/(0 + 1).
1
Suppose 8*t - 5*t = -m + 409, -1973 = -5*m + 3*t. What is the remainder when m is divided by 31?
25
Let l(d) = -d**2 + 5*d - 16. Let s be l(4). Let t(k) = k**2 + 11*k - 4. Calculate the remainder when 28 is divided by t(s).
4
Suppose 5*p - 180 = -5*c, -5*c = -c - 2*p - 126. Let y(w) = -w**2 + 9*w + 2. What is the remainder when c is divided by y(8)?
3
Let n be (-13)/((12/3)/(-4)). Let d(f) = 3*f - 24. What is the remainder when 104 is divided by d(n)?
14
Let u(l) = -6*l - 11. Calculate the remainder when u(-8) is divided by (1/(-2))/((-1)/10).
2
Let u(m) = 3*m**2 + 26*m + 9. Let r be u(-10). Let k = r + -33. Calculate the remainder when 94 is divided by k.
14
Let o = 21 + 6. Let t = -5209 + 5313. What is the remainder when t is divided by o?
23
Suppose -140*a - 1500 = -160*a. Calculate the